{"id":52,"date":"2018-10-27T12:22:30","date_gmt":"2018-10-27T10:22:30","guid":{"rendered":"http:\/\/www.rotenburg-immobilien.de\/immo\/?page_id=52"},"modified":"2019-04-07T20:12:33","modified_gmt":"2019-04-07T18:12:33","slug":"impressum","status":"publish","type":"page","link":"https:\/\/www.rotenburg-immobilien.de\/immo\/impressum\/","title":{"rendered":"IMPRESSUM"},"content":{"rendered":"<h3>Impressum<\/h3>\n<p><b>Vertretungsberechtigter: Dipl.-Ing. Stefani Schneider, Architektin<\/b><\/p>\n<p>Untertor 7<br \/>\n36199 Rotenburg an der Fulda<\/p>\n<div class=\"phone_lable\">Telefon<\/div>\n<div class=\"phone\">06623 \/ 914 23 10<\/div>\n<div class=\"phone_lable\">Fax<\/div>\n<div class=\"phone\">06623 \/ 914 23 11<\/div>\n<div class=\"phone_lable\">Mobil<\/div>\n<div class=\"phone\">0173 \/ 537 66 20<\/div>\n<p><a href=\"mailto:schneider@rotenburg-immobilien.de\"><br \/>\nschneider@rotenburg-immobilien.de<\/a><br \/>\nwww.rotenburg-immobilien.de<\/p>\n<p>Berufsaufsichtsbeh\u00f6rde: Ordnungsamt Rotenburg an der Fulda<br \/>\nGenehmigung nach \u00a734c GewO, Kreisausschuss Hersfeld-Rotenburg<\/p>\n<p>Verbraucherinformation zur Online-Streitbeilegung gem\u00e4\u00df Verordnung (EU) Nr. 524\/2013:<br \/>\nIm Rahmen der Verordnung \u00fcber Online-Streitbeilegung zu Verbraucherangelegenheiten steht Ihnen unter http:\/\/ec.europa.eu\/consumers\/odr\/<br \/>\neine Online-Streitbeilegungsplattform der EU-Kommission zur Verf\u00fcgung.<\/p>\n<h5>Mitgliedschaften<\/h5>\n<ul>\n<li><a href=\"http:\/\/www.akh.de\" target=\"_blank\">Architekten- und Stadtplanerkammer Hessen<\/a><\/li>\n<li><a href=\"http:\/\/www.vdi.de\" target=\"_blank\">Verein Deutscher Ingenieure<\/a><\/li>\n<li><a href=\"http:\/\/www.ihk-kassel.de\" target=\"_blank\">IHK Kassel-Marburg<\/a><\/li>\n<\/ul>\n<p><b>Haftungsausschluss:<\/b><\/p>\n<p><b>Haftung f\u00fcr Inhalte<\/b><\/p>\n<p>Die Inhalte unserer Seiten wurden mit gr\u00f6\u00dfter Sorgfalt erstellt. F\u00fcr die Richtigkeit, Vollst\u00e4ndigkeit und Aktualit\u00e4t der Inhalte k\u00f6nnen wir jedoch keine Gew\u00e4hr \u00fcbernehmen. Als Diensteanbieter sind wir gem\u00e4\u00df \u00a7 7 Abs.1 TMG f\u00fcr eigene Inhalte auf diesen Seiten nach den allgemeinen Gesetzen verantwortlich. Nach \u00a7\u00a7 8 bis 10 TMG sind wir als Diensteanbieter jedoch nicht verpflichtet, \u00fcbermittelte oder gespeicherte fremde Informationen zu \u00fcberwachen oder nach Umst\u00e4nden zu forschen, die auf eine rechtswidrige T\u00e4tigkeit hinweisen. Verpflichtungen zur Entfernung oder Sperrung der Nutzung von Informationen nach den allgemeinen Gesetzen bleiben hiervon unber\u00fchrt. Eine diesbez\u00fcgliche Haftung ist jedoch erst ab dem Zeitpunkt der Kenntnis einer konkreten Rechtsverletzung m\u00f6glich. Bei Bekanntwerden von entsprechenden Rechtsverletzungen werden wir diese Inhalte umgehend entfernen.<\/p>\n<p><b>Haftung f\u00fcr Links<\/b><\/p>\n<p>Unser Angebot enth\u00e4lt Links zu externen Webseiten Dritter, auf deren Inhalte wir keinen Einfluss haben. Deshalb k\u00f6nnen wir f\u00fcr diese fremden Inhalte auch keine Gew\u00e4hr \u00fcbernehmen. F\u00fcr die Inhalte der verlinkten Seiten ist stets der jeweilige Anbieter oder Betreiber der Seiten verantwortlich. Die verlinkten Seiten wurden zum Zeitpunkt der Verlinkung auf m\u00f6gliche Rechtsverst\u00f6\u00dfe \u00fcberpr\u00fcft. Rechtswidrige Inhalte waren zum Zeitpunkt der Verlinkung nicht erkennbar. Eine permanente inhaltliche Kontrolle der verlinkten Seiten ist jedoch ohne konkrete Anhaltspunkte einer Rechtsverletzung nicht zumutbar. Bei Bekanntwerden von Rechtsverletzungen werden wir derartige Links umgehend entfernen.<\/p>\n","protected":false},"excerpt":{"rendered":"<p>Impressum Vertretungsberechtigter: Dipl.-Ing. Stefani Schneider, Architektin Untertor 7 36199 Rotenburg an der Fulda Telefon 06623 \/ 914 23 10 Fax 06623 \/ 914 23 11 Mobil 0173 \/ 537 66 20 schneider@rotenburg-immobilien.de www.rotenburg-immobilien.de Berufsaufsichtsbeh\u00f6rde: Ordnungsamt Rotenburg an der Fulda Genehmigung nach \u00a734c GewO, Kreisausschuss Hersfeld-Rotenburg Verbraucherinformation zur Online-Streitbeilegung gem\u00e4\u00df Verordnung (EU) Nr. 524\/2013: Im Rahmen [&hellip;]<\/p>\n","protected":false},"author":1,"featured_media":0,"parent":0,"menu_order":0,"comment_status":"closed","ping_status":"closed","template":"page-templates\/full-width.php","meta":[],"_links":{"self":[{"href":"https:\/\/www.rotenburg-immobilien.de\/immo\/wp-json\/wp\/v2\/pages\/52"}],"collection":[{"href":"https:\/\/www.rotenburg-immobilien.de\/immo\/wp-json\/wp\/v2\/pages"}],"about":[{"href":"https:\/\/www.rotenburg-immobilien.de\/immo\/wp-json\/wp\/v2\/types\/page"}],"author":[{"embeddable":true,"href":"https:\/\/www.rotenburg-immobilien.de\/immo\/wp-json\/wp\/v2\/users\/1"}],"replies":[{"embeddable":true,"href":"https:\/\/www.rotenburg-immobilien.de\/immo\/wp-json\/wp\/v2\/comments?post=52"}],"version-history":[{"count":2,"href":"https:\/\/www.rotenburg-immobilien.de\/immo\/wp-json\/wp\/v2\/pages\/52\/revisions"}],"predecessor-version":[{"id":249,"href":"https:\/\/www.rotenburg-immobilien.de\/immo\/wp-json\/wp\/v2\/pages\/52\/revisions\/249"}],"wp:attachment":[{"href":"https:\/\/www.rotenburg-immobilien.de\/immo\/wp-json\/wp\/v2\/media?parent=52"}],"curies":[{"name":"wp","href":"https:\/\/api.w.org\/{rel}","templated":true}]}}