{"id":6,"date":"2018-10-27T11:21:04","date_gmt":"2018-10-27T09:21:04","guid":{"rendered":"http:\/\/www.rotenburg-immobilien.de\/immo\/?page_id=6"},"modified":"2025-06-07T09:16:05","modified_gmt":"2025-06-07T07:16:05","slug":"home","status":"publish","type":"page","link":"https:\/\/www.rotenburg-immobilien.de\/immo\/","title":{"rendered":"HOME"},"content":{"rendered":"\n<div class=\"span12 relative buehnen_bild\"><!-- ### Pager ### \/--><code><\/p>\n<div  id=\"slider\" class=\"cycle-slideshow\" data-cycle-fx=\"fade\" data-cycle-pause-on-hover=\"true\" data-cycle-speed=\"700\" data-cycle-prev=\"#prev\" data-cycle-next=\"#next\" data-cycle-swipe=true data-cycle-slides=\"> div\" data-cycle-pager=\".pager\" data-cycle-pager-template=\"<span><\/span>\" ><\/code><span class=\"pager\"><\/span><\/p>\n<div id=\"c108\" class=\"csc-default\">\n<div class=\"csc-textpic csc-textpic-left csc-textpic-above\">\n<div class=\"csc-textpic-imagewrap\">\n<figure class=\"csc-textpic-image csc-textpic-last\">\n<a href=\"\/immo\/immobilien\/#khaeuser\"><img decoding=\"async\" src=\"\/immo\/wp-content\/uploads\/pager_innen-a.jpg\" alt=\"\"><\/figure>\n<\/div>\n<div class=\"csc-textpic-text\">\n<p class=\"bodytext\"><b>ROTENBURG IMMOBILIEN &#8211; Untertor 7<\/b><\/p>\n<p><\/a><\/div>\n<\/div>\n<\/div>\n<div id=\"c112\" class=\"csc-default\">\n<div class=\"csc-textpic csc-textpic-left csc-textpic-above\">\n<div class=\"csc-textpic-imagewrap\">\n<figure class=\"csc-textpic-image csc-textpic-last\">\n<a href=\"\/immo\/immobilien\/#kwohnungen\"><img decoding=\"async\" src=\"\/immo\/wp-content\/uploads\/pager_1.jpg\"  alt=\"\"><\/figure>\n<\/div>\n<div class=\"csc-textpic-text\">\n<p class=\"bodytext\"><b>ROTENBURG &#8211; Stadtvilla<\/b><\/p>\n<p><\/a><\/div>\n<\/div>\n<\/div>\n<\/div>\n<\/div>\n<p><!-- span12 --><!-- ### Pager  End ### \/--><\/p>\n<p>Suchen Sie eine <strong>Wohnung<\/strong> oder ein <strong>Haus<\/strong> zum <strong>Kauf<\/strong> oder zur <strong>Miete<\/strong> ? M\u00f6chten Sie ein Haus <strong><strong>umbauen?<\/strong><\/strong><\/p>\n<p><b><span class=\"show_red\">ROTENBURG<\/span> IMMOBILIEN<\/b> ist f\u00fcr Sie da!\n<\/p>\n<div class=\"teaser_col\">\n<div style=\"display: inline-block; padding-right: 60px;\">\n<h3>KAUFEN<\/h3>\n<p>\t\t<a href=\"\/immo\/immobilien#khaeuser\">&gt;&gt; H\u00e4user<\/a><br \/>\n\t\t<a href=\"\/immo\/immobilien#kwohnungen\">&gt;&gt; Wohnungen<\/a><br \/>\n\t\t<a href=\"\/immo\/immobilien#kgrundstuecke\">&gt;&gt; Grundst\u00fccke<\/a><br \/>\n                <a href=\"\/immo\/verkaufte-objekte\">&gt;&gt; verkaufte Objekte<\/a>\n\t\t<\/div>\n<div style=\"display: inline-block;\">\n<h3>MIETEN<\/h3>\n<p>\t\t<a href=\"\/immo\/immobilien#vhaeuser\">&gt;&gt; H\u00e4user<\/a><br \/>\n\t\t<a href=\"\/immo\/immobilien#vwohnungen\">&gt;&gt; Wohnungen<\/a><br \/>\n\t\t<a href=\"\/immo\/immobilien#vgewerbe\">&gt;&gt; Gewerbe<\/a><br \/>\n                <a href=\"#\">&nbsp;<\/a>\n\t\t<\/div>\n<h3>Immobilienvermittlung<\/h3>\n<p>Als Immobilienmaklerin biete ich an:<\/p>\n<ul>\n<li>Marktgerechte Wertermittlung<\/li>\n<li>Professionelle Darstellung Ihres Objektes<\/li>\n<li>Abstimmung und Durchf\u00fchrung von Besichtigungen<\/li>\n<li>\u00dcbernahme aller Formalit\u00e4ten<\/li>\n<li>Abstimmung zum Kaufvertrag<\/li>\n<li>Umfassender Service rund um den Notartermin<\/li>\n<li>Fester Ansprechpartner<\/li>\n<\/ul>\n<\/div>\n<div class=\"teaser_col_right\">\n<b>Telefon: 06623 \/ 914 23 10<br \/>\nMo-Fr erreichbar 9:00 \u2013 18:00 Uhr<\/b><\/p>\n<div><img decoding=\"async\" alt=\"dipl-ing-stefani-schneider-start\" src=\"\/immobilienmakler\/wp-content\/uploads\/dipl-ing-stefani-schneider-start.jpg\" \/><\/div>\n<div><\/div>\n<div><strong>Immobilienvermittlung und Architektur<\/strong><\/div>\n<div><strong>in Rotenburg an der Fulda, Bebra und Umgebung<\/strong><\/div>\n<div><\/div>\n<div><\/div>\n<p>Beim Kauf, Verkauf oder bei der Umgestaltung Ihrer Immobilie begleite ich Sie professionell. Eine ganzheitliche Betrachtung, Erkennung von Potential und eine optimale Vermarktung stehen im Vordergrund. Ein Immobiliengesch\u00e4ft ist immer ein gro\u00dfes Vorhaben. Um so wichtiger ist es dabei, nichts dem Zufall zu \u00fcberlassen. Eine neutrale Beratung ist ebenso wichtig wie eine gelungene Darstellung. Als Architektin oder Immobilienmaklerin unterst\u00fctze ich Sie in all Ihren Anliegen.<\/p>\n<p>F\u00fcr ein pers\u00f6nliches Gespr\u00e4ch stehe ich Ihnen gern zur Verf\u00fcgung.<\/p>\n<p>Ihre<\/p>\n<p><img decoding=\"async\" loading=\"lazy\" alt=\"\" style=\"box-shadow: none;\" src=\"\/img\/dipl-ing-stefani-schneider-usf.jpg\" width=\"200\" height=\"40\" \/><\/p>\n<p>Dipl.-Ing. Stefani Schneider<\/p>\n<p><b>F\u00fcr Ihre <span class=\"show_red\">Immobilie<\/span> setze ich mich voll und ganz ein.<\/b><\/p>\n<\/div>\n","protected":false},"excerpt":{"rendered":"<p>ROTENBURG IMMOBILIEN &#8211; Untertor 7 ROTENBURG &#8211; Stadtvilla Suchen Sie eine Wohnung oder ein Haus zum Kauf oder zur Miete ? M\u00f6chten Sie ein Haus umbauen? ROTENBURG IMMOBILIEN ist f\u00fcr Sie da! KAUFEN &gt;&gt; H\u00e4user &gt;&gt; Wohnungen &gt;&gt; Grundst\u00fccke &gt;&gt; verkaufte Objekte MIETEN &gt;&gt; H\u00e4user &gt;&gt; Wohnungen &gt;&gt; Gewerbe &nbsp; Immobilienvermittlung Als Immobilienmaklerin biete ich [&hellip;]<\/p>\n","protected":false},"author":1,"featured_media":0,"parent":0,"menu_order":0,"comment_status":"closed","ping_status":"closed","template":"page-templates\/full-width.php","meta":[],"_links":{"self":[{"href":"https:\/\/www.rotenburg-immobilien.de\/immo\/wp-json\/wp\/v2\/pages\/6"}],"collection":[{"href":"https:\/\/www.rotenburg-immobilien.de\/immo\/wp-json\/wp\/v2\/pages"}],"about":[{"href":"https:\/\/www.rotenburg-immobilien.de\/immo\/wp-json\/wp\/v2\/types\/page"}],"author":[{"embeddable":true,"href":"https:\/\/www.rotenburg-immobilien.de\/immo\/wp-json\/wp\/v2\/users\/1"}],"replies":[{"embeddable":true,"href":"https:\/\/www.rotenburg-immobilien.de\/immo\/wp-json\/wp\/v2\/comments?post=6"}],"version-history":[{"count":24,"href":"https:\/\/www.rotenburg-immobilien.de\/immo\/wp-json\/wp\/v2\/pages\/6\/revisions"}],"predecessor-version":[{"id":1732,"href":"https:\/\/www.rotenburg-immobilien.de\/immo\/wp-json\/wp\/v2\/pages\/6\/revisions\/1732"}],"wp:attachment":[{"href":"https:\/\/www.rotenburg-immobilien.de\/immo\/wp-json\/wp\/v2\/media?parent=6"}],"curies":[{"name":"wp","href":"https:\/\/api.w.org\/{rel}","templated":true}]}}